8). Suppose -2*n + 3*n - z = 0. What is the greatest common divisor of n and 18?
18
Let y(g) = 37*g - 2. Let q be y(2). Let p = 0 - 0. Suppose p = 17*c - 0*c - 408. What is the highest common factor of c and q?
24
Let u(b) = b**3 - 77*b**2 - 33*b - 1091. Let v be u(79). Calculate the highest common divisor of 12 and v.
12
Suppose -5*n + 320 = 5*o + 85, 0 = -o + n + 53. Suppose -53*q + o*q = -69. What is the greatest common factor of 437 and q?
23
Let k = 16 - 11. Suppose 4*j - 3*j = -y + 11, 5*j + 45 = k*y. Let q = 189738 + -189668. Calculate the highest common factor of y and q.
10
Let u = 12 - 10. Let x be 1/(-5)*u - 514/(-10). Suppose 69 = 5*q + 3*v, -5*q = -5*v - x - 34. What is the highest common factor of 3 and q?
3
Suppose 23*b - 728 = 16*b. Suppose 151 = -2*g - d, 0 = 4*g + d + 153 + 150. Let s = b + g. Calculate the highest common divisor of s and 196.
28
Suppose -3*q + 123 = -9. Let s = 5 - 2. Suppose t - 7 = -c, -t + 0*t + s = 0. Calculate the greatest common factor of q and c.
4
Let k(t) = 5*t - 25. Let u be k(6). Suppose -u*j + 76 = -9. Let f = j - 11. Calculate the greatest common factor of f and 54.
6
Let s = -11665 + 11723. Let v = 1551 + -1087. What is the highest common factor of s and v?
58
Let p(r) = 46*r + 490. Let w be p(14). Calculate the highest common factor of w and 1026.
54
Let s(i) = 17*i - 4. Let u be s(5). Let t = 7728 + -7701. What is the greatest common factor of u and t?
27
Let m = 23 + -44. Let n be 30*((-24)/m)/((-6)/(-14)). What is the greatest common divisor of 10 and n?
10
Let b be 16397/209 - 12/(-22) - -5. Let x(f) = 4*f**2 + 12*f - 9. Let h be x(-6). Calculate the highest common factor of h and b.
21
Suppose 4*t = -w + 102, -52*w - t - 97 = -53*w. Suppose 0 = -12*d + 17*d + 4*b - 126, 0 = 5*d - 3*b - w. What is the highest common divisor of 11 and d?
11
Let l be -1 + 122086/7 + (-57)/(-399). Calculate the greatest common divisor of l and 20.
20
Let w be (-7)/35*-7 + 78/5. Calculate the greatest common divisor of 544 and w.
17
Let x(o) = -279*o - 3729. Let f be x(-19). What is the greatest common factor of f and 6?
6
Let r(n) = n**2 - 10*n + 57. Let v be r(0). Let l = -38 - -171. What is the highest common divisor of v and l?
19
Let s = 4674 - 3952. Calculate the greatest common factor of 342 and s.
38
Let j(w) = 4*w + 1. Let g = 134 + -121. Let s be j(g). Let f = 69 - s. Calculate the greatest common divisor of f and 144.
16
Suppose -i + 5*j - 7 = 3*i, -6 = -2*j. Suppose 3*d = 3*h + i*h - 785, -h = 5*d - 129. Let t = 610 - 588. What is the greatest common factor of h and t?
22
Let u = 1155 - 743. Suppose -8*c + 596 + u = 0. Suppose -4 = -2*s + 14. Calculate the greatest common factor of s and c.
9
Let y(n) = 47*n - 36. Let z be y(23). Let d(f) = 54*f**3 - 24*f + 25. Let u be d(1). Calculate the greatest common factor of u and z.
55
Let c = -460 + 495. Suppose 0*v - 2*v - 26 = -4*s, 0 = -s + 2*v + 14. Suppose -n = s*n - 70. Calculate the greatest common factor of c and n.
7
Let f = 2402 - 1877. Calculate the highest common divisor of f and 1275.
75
Let z = -3646 + 3736. What is the highest common factor of 2124 and z?
18
Let z be (-12 + 14)*5/(30/9). Suppose 2*a - 111 - 9 = -4*o, 2*a - z*o = 148. What is the highest common divisor of a and 748?
68
Let i(q) = 18*q - 37. Let n be i(6). Let b = n + -53. What is the greatest common factor of b and 27?
9
Let x(h) = h**2 - 29*h - 1353. Let z be x(55). Calculate the greatest common factor of 1771 and z.
77
Suppose 3*h = -1 - 23. Let i(m) = -m**2 - 6*m + 20. Let v be i(h). Suppose -7*o + 18 = -v*o. Calculate the greatest common factor of o and 8.
2
Suppose -3*y = c - 31025, y + 0*c - 5*c = 10315. Calculate the highest common factor of 440 and y.
220
Suppose j - 2*u = 4, -u + 43 = 4*j - 0*j. Let s = 4511 - 4411. What is the highest common divisor of s and j?
10
Let t(s) = 6*s**2 + 20*s - 8. Let k be t(-5). Let b be (-1)/((-7)/k*2). Calculate the highest common factor of b and 1.
1
Suppose 401*i - 17749 + 4138 - 39321 = 0. What is the greatest common divisor of 1298 and i?
22
Let y be 12*378 + -7 - 9. What is the highest common divisor of 8 and y?
8
Let t = 58282 + -58228. Suppose 140 - 44 = 4*h. Calculate the highest common factor of t and h.
6
Let u be (-6)/5*((-345)/6)/23. Let h be (-48 + -1)/(8/(-8)). Let j be ((-56)/h)/(6/(-21)). Calculate the highest common factor of u and j.
1
Suppose 4*n + 38 = 42. Let j be 8/((-4)/n)*-100. Calculate the highest common divisor of 8 and j.
8
Let j be (-9)/(-15) + (-234)/(-10). Suppose 0 = 117*h - 402 - 1470. What is the greatest common factor of j and h?
8
Let p be (-188 + 177)/((-11)/2). Calculate the highest common divisor of 62 and p.
2
Let q(z) = -2*z + 17. Let b be q(-4). Suppose 93*d = 3416 + 1234. Calculate the greatest common divisor of b and d.
25
Let h(s) = 2*s**3 + 15*s**2 - 14*s - 192. Let o be h(-5). Calculate the greatest common divisor of 1389 and o.
3
Let l be (4 - 22/8)*4. Suppose 4*b - 16 = 12. Let s = b - l. Calculate the greatest common factor of 5 and s.
1
Suppose -6*y = -5*p - y + 5, 5*y - 3 = 3*p. Suppose 2*r = p*r + 76. Let s = r + 53. Calculate the highest common divisor of s and 90.
15
Let j(b) = 288*b - 843. Let l be j(3). What is the highest common divisor of l and 25473?
21
Let b be 976/28 - (-176)/154. Calculate the highest common factor of b and 882.
18
Suppose 3*k + 9 = -641*t + 643*t, 0 = -3*t - 2*k + 33. Suppose 0*f + f - 1 = 0. Calculate the highest common divisor of t and f.
1
Let k = -475 + 794. Suppose 15*d - 5*o + 29 = 16*d, 0 = -o. What is the greatest common factor of k and d?
29
Let a(j) = 29 - 4*j + 12*j - 5*j - 6*j. Let q be a(5). Calculate the highest common factor of q and 21.
7
Let c = 203 + -113. Suppose -10 = 5*b - 0. Let t be (-6)/6 + (-74)/b. What is the greatest common divisor of c and t?
18
Suppose -5*d - 84300 = 11*u - 16*u, -4*d = 2*u - 33726. What is the greatest common factor of u and 13?
13
Let j = 46 - 50. Let f be 19/j - (-2 + 54/24). Let y be 6/((f - 0) + 6). What is the highest common factor of 21 and y?
3
Suppose 105*u - 103*u - 2917 = -3*l, 3*u + 3861 = 4*l. Calculate the greatest common divisor of l and 114.
57
Let p be 310/8*440/25. Calculate the highest common divisor of p and 2170.
62
Suppose 9*c - 4*c = 85. Suppose -f = -3*k - 35, 2*f + 3*k - 4*k - 35 = 0. Suppose f*n + 627 = c*n. What is the greatest common divisor of 19 and n?
19
Suppose 3*h + 42 = 51. Suppose -4*r + 5*k = -608, h*r - 2*k - 152 = 297. What is the greatest common divisor of r and 21?
21
Let f = 20 - 16. Suppose f*x + 49*x - 8904 = 0. Calculate the greatest common factor of x and 189.
21
Let u be ((-328)/(-16))/(2/(-4)). Let t = -44 - u. Let z be (-26)/(-39) - 493/t. What is the greatest common factor of 15 and z?
15
Let z = -1890 + 2264. What is the highest common divisor of z and 442?
34
Let v(d) = d**3 + 58*d**2 - 17*d - 363. Let f be v(-58). Calculate the greatest common factor of 267 and f.
89
Let m = -2427 + 2495. Calculate the greatest common divisor of 1598 and m.
34
Let q = 5879 - 5704. What is the greatest common divisor of 7 and q?
7
Let n(r) = r**2 + 3*r - 1. Let u be n(-3). Let f = 5 - -16. Let g = u + f. What is the highest common divisor of 20 and g?
20
Let u = 101 + -26. Let y be (2 - -1)*-1 - u. Let k be (-2)/(-13) - 144/y. Calculate the greatest common divisor of 22 and k.
2
Let o be 1 - 1 - (12 + -9). Let a = -12 - o. Let r be a/(-18) - (-29)/2. Calculate the greatest common factor of 195 and r.
15
Suppose 314*j - 6486 - 6222 + 462 = 0. Calculate the greatest common factor of j and 793.
13
Let f be (-2 + 2)/(17 + -19). Suppose -2*x + f*q = 4*q - 72, 3*x - 108 = -5*q. Calculate the highest common factor of x and 396.
36
Let m be ((6 - 7)/((-3)/(-15)))/((-3)/2526). What is the highest common divisor of 20 and m?
10
Let z = -14 + 22. Suppose -11*x + 7*x + z = 0. Suppose 4*g + 0*g = -x*k + 38, 5*g = -k + 52. Calculate the highest common divisor of 143 and g.
11
Suppose 2*y - 9 + 19 = 0. Let v = 7 + y. Suppose -h = -3*n + 9, 4*n - 14 = -0*h + v*h. Calculate the greatest common divisor of n and 2.
2
Suppose 0 = -3*p + 4*i + 215, 4*p + 18*i - 294 = 16*i. Calculate the greatest common factor of p and 2263.
73
Suppose -12 = -2*v - 4, 4*v + 364 = 5*r. Let j(f) = -95*f. Let n 